t r(w) = 52*w + 358. Let g be r(-7). Let c(y) = 45*y**2 + y - 42. What is the thousands digit of c(g)?
1
Let i be (6 + -6)/((-15)/(-6)*(-20)/25). Let n(q) = -8*q - 76. Let r(v) = -39*v - 381. Let a(t) = 24*n(t) - 5*r(t). What is the tens digit of a(i)?
8
Suppose -1006*z = -1015*z + 46026. What is the hundreds digit of z?
1
Let a(v) = -10473*v - 903. What is the tens digit of a(-4)?
8
What is the hundreds digit of 242858/266*(3 - (2 - 1))?
8
Suppose x = 5573 + 2091 - 390. What is the hundreds digit of x?
2
Suppose -3*k + m + 2*m = -6609, 2*m - 8800 = -4*k. Suppose -4*y + 313 + 1912 = 3*i, k = 4*y - 5*i. What is the units digit of y?
4
Let i(c) = c**3 - 21*c**2 - 2*c + 16. Let x be i(21). Let v(a) = a**3 + 26*a**2 - 24*a - 15. What is the hundreds digit of v(x)?
6
Let y be 5/((-5)/10*-1). Let z(w) = -w**2 - 8*w - 7. Let c be z(-6). Suppose -3*m + 167 = 2*u, 90 - y = u + c*m. What is the units digit of u?
5
Let f = 62 - 59. Let o(m) = 7*m - 12*m + 30*m - f. What is the units digit of o(6)?
7
Let x be -562 - -3*(8/3)/(-8). Let h = x - -953. What is the tens digit of h?
9
Suppose 4*a - 31 = -11. Let m be -1 - a/10*-2. Suppose -3*x + 4*i = -121, m*x = -x - 5*i + 72. What is the units digit of x?
7
Suppose -6*o = -113 + 35. Let n = -21 - -35. Let g = o + n. What is the units digit of g?
7
Suppose -3025 = -j - f, -j - 3*f + 621 = -2408. What is the thousands digit of j?
3
Suppose t + 4*w + 64 = 0, 0*t - 4*t = w + 286. What is the tens digit of 0 - (0 + 0) - (1 + t)?
7
Let w = 57 + -55. Suppose 3*p + p = 4*l - 196, -4*l + w*p + 188 = 0. What is the units digit of (l/(-30))/((-2)/100)?
5
Let c = -55 - -63. Suppose 28 = 5*z + c. Suppose a + 5*r = 2*a - 163, -4*r = -z*a + 716. What is the units digit of a?
3
Suppose 3*p - 107283 = 5*b, -9*p - 4*b + 455106 = 133143. What is the thousands digit of p?
5
Suppose -352*p + 17233079 - 1548663 = 0. What is the units digit of p?
8
What is the units digit of (-9 - 465/(-45))*(-15)/(-4) + 77458?
3
Let l = 159 + -127. Suppose l*n = -3*n + 23485. What is the units digit of n?
1
Let g be (-2505)/(-2) + (-4)/(-8)*1. Let d = g + -417. What is the tens digit of d?
3
Suppose 4*a + l = 89553, 0*l + 89568 = 4*a - 4*l. What is the thousands digit of a?
2
Let k be (34*(-3)/15)/((-1)/5). Let n = k + -29. Suppose -n*s - s + 372 = 0. What is the tens digit of s?
6
Let c = 659 - 138. Let b = c - 446. What is the units digit of b?
5
Let p(v) be the third derivative of v**5/60 + v**4/6 - v**3/3 + 2*v**2 - 51*v. Suppose 8*i - 4*i + 44 = 0. What is the tens digit of p(i)?
7
Suppose -3 = -t, -27*c + 93373 = -25*c + t. What is the ten thousands digit of c?
4
Let y = -41 + 114. Suppose 12*m + 827 = -y. Let w = 167 + m. What is the tens digit of w?
9
Suppose d + y - 1264 = 0, -3*d + 3*y + 2966 + 850 = 0. Suppose d = 496*g - 492*g. What is the hundreds digit of g?
3
Suppose z + 2*d - 253 = 0, 4*z = 4*d - 278 + 1254. Suppose -i + z = -269. What is the tens digit of i?
1
Suppose 3*z - 296 = -2*f, 0 = -5*f - 3*z + 259 + 481. Let m = f + 368. What is the hundreds digit of m?
5
Let w = 43 - 37. Suppose w*t - 12 - 6 = 0. Suppose t*f + 24 = 6*f. What is the units digit of f?
8
Let j = 32454 - 18246. What is the tens digit of (-53)/((-5936)/j) - 2/(-14)?
2
Suppose 2*k - 17*k + 45 = 0. Suppose -5*f - 342 = -2*o + o, 2*f = -k*o + 1060. What is the hundreds digit of o?
3
Let n be (11166/(-24) + 8)*-4. Suppose 0 = -6*k + n + 10015. What is the hundreds digit of k?
9
Suppose 0 = -104*r - 27*r + 936959 + 133442. What is the units digit of r?
1
What is the ten thousands digit of 26/(-403) - (-2)/(372/4477218)?
2
Let c(o) = 5*o**2 - 7*o + 15. Let t be c(6). Let v = t - 61. What is the tens digit of v?
9
Let z(b) = -b**3 - 5*b**2 - 2*b + 3. Suppose -2*h = -6 + 14. Let p be z(h). What is the tens digit of -1*(-63 + p + 1)?
6
Suppose 134*o - 142*o + 53896 = 0. Suppose 6733 = 4*r + 3*m, 19*m + o = 4*r + 18*m. What is the units digit of r?
4
Let d = 21 - -10. Suppose 0 = -9*i - d - 5. What is the hundreds digit of (14/i)/((-1)/34)?
1
Suppose -l + 4*t - 7 = 10, 4*t = 4. Let x(i) = -2*i**2 - 48*i - 11. What is the hundreds digit of x(l)?
2
Let g = 178 + -164. What is the units digit of 6/21 + (-38)/g*-1?
3
Suppose 445527 = 705*a - 618*a. What is the thousands digit of a?
5
What is the hundreds digit of (37102/(-4))/((-23 + 16)/28)?
1
Let d(b) = 5*b**2 + 15*b + 64. Let z be d(10). Let p = 1827 - z. What is the hundreds digit of p?
1
Suppose -i + 2*x = -12, -4*i - 4*x + 48 = -0*x. Suppose 2*f + i = -3*d - 10, -4*f + d = 58. Let g = f - -134. What is the units digit of g?
0
Let g(r) = r**2 - 7*r - 39. Let d be g(-4). Suppose -16 = -4*m - 0, -w - d*m = -520. What is the tens digit of w?
0
Suppose 0*g + 4*g = 3*o - 14, g = 4*o - 10. What is the hundreds digit of (-2360)/75*-12 - o/(-5)?
3
Let z = 106208 + -70450. What is the units digit of z?
8
Let z be (-4)/10*(-8)/((-80)/(-50)). Let x(a) = 2 + 199*a + 7 - 10 + z. What is the tens digit of x(1)?
0
Let c = 373 + 6491. Suppose -82*r = -60*r - c. What is the hundreds digit of r?
3
Suppose -129*c + 450918 = -116*c. What is the thousands digit of c?
4
Suppose -4*i = 11*i - 75. What is the hundreds digit of 118/(i/(-2) + 1 + 2)?
2
Suppose -i + 2*j + 219 = 0, -3*i + 5*j = -750 + 89. Let t = i + -79. Let k = t - 42. What is the units digit of k?
6
Let x = -30029 + 44890. What is the thousands digit of x?
4
Suppose 44*f - 43*f = -3*x + 8060, -3*x - 4*f + 8057 = 0. What is the units digit of x?
7
Let v be (-1)/2 - 134/4. Let z = 39 + v. What is the tens digit of (z - 8)/(1/(-12)*2)?
1
Let l be 2 - (-3 - (0 - 1)). Suppose -2*g + l = j + 2, -3*j = -4*g + 24. What is the tens digit of ((-190)/(-4)*(g - 5))/(-1)?
9
Let d be (-14)/(-21) + (-30)/(-9). Suppose q + d*q - r - 1704 = 0, -5*q = r - 1706. What is the tens digit of q?
4
Suppose 9 = i - 0*i - 5*r, 5*i = 3*r + 67. Let d = -8 + i. Let n(m) = 11*m - 21. What is the tens digit of n(d)?
4
Let k(h) = 4*h**2 + 45*h - 50. Let v be k(-15). Suppose l - 5*i - 398 = 0, 0 = l + i - 205 - v. What is the tens digit of l?
8
Suppose 53*r = 51*r + 20. Let t(g) = -1 - 12*g + 0*g**2 + 2*g**2 + 2. What is the units digit of t(r)?
1
Let c(u) = 3*u**3 - 122*u**2 + 184*u + 91. What is the ten thousands digit of c(42)?
1
Let w be -4*4/(-16)*-2*-2. Suppose -r + 3*u = -2*r + 3, w*r = u + 12. Suppose 3*k + a - 825 = 0, -k + r*a = k - 561. What is the hundreds digit of k?
2
Let u(r) be the third derivative of 21*r**5/10 - 3*r**4/8 + 7*r**3/2 + 96*r**2. What is the hundreds digit of u(2)?
5
Let c(m) = -186*m**3 - 2*m**2 - 2*m + 1. Let b be c(-2). Suppose 4*a - 1220 = -4*j, 5*j + 0*a - b = 3*a. What is the tens digit of j?
0
Suppose 80062 = 4*x - n, -25*x + 4*n = -27*x + 40022. What is the units digit of x?
5
Suppose 0 = -4*w - s + 13, 3*w = -3*s + 8 + 4. Suppose 2*f - 578 = -3*t - 34, 814 = w*f + 5*t. What is the tens digit of f?
7
Suppose -89*v + 4052436 = 815684. What is the ten thousands digit of v?
3
Let n be (2 + 16/(-10))/(6/840). Suppose -701*b + 702*b = n. What is the units digit of b?
6
Let x = 350 + -302. Let u = x + 592. What is the units digit of u?
0
Let k(u) be the second derivative of 733*u**3/6 + 6*u**2 - 59*u - 2. What is the units digit of k(2)?
8
Suppose 0*t + 36 = -4*y - 5*t, -3*y - 2*t - 20 = 0. What is the units digit of ((-7)/(-14))/((-2)/y)?
1
Let k(t) = -90*t**3 - 3*t**2 - 3*t + 10. What is the units digit of k(-3)?
2
Let p = -2645 - -6598. What is the thousands digit of p?
3
Suppose -123*f + 220*f - 142299 = 0. What is the units digit of f?
7
Let k = -4 + 8. Let l be k/((-32)/(-18))*-36. Let i = 19 - l. What is the hundreds digit of i?
1
Suppose 4*s - 23020 = -4*f, 3*f = s - 2982 - 2753. What is the thousands digit of s?
5
Let b = 624 - 651. Let t(n) = -n**3 - 27*n**2 - 41*n - 123. What is the units digit of t(b)?
4
Suppose 13*n + 10*n - 7498 = 0. Let t = 39 + n. What is the hundreds digit of t?
3
Let x(p) = 3 - 4 - 11*p - 5*p + p - 4*p**2. Let r be x(-9). What is the units digit of 3 + -3 + -2 - r?
8
Let w be ((-64)/(-112))/(1/7). Suppose -4*c + 4*c + w*c = 0. Suppose c = 12*y - 15*y + 198. What is the tens digit of y?
6
Suppose 2*s + 167 = y, 2*y + 8*s - 3*s = 352. Let i = 1895 + -1028. Suppose 3*d + y = i. What is the tens digit of d?
3
Suppose -70 = l + 437. Let y = l